{"id":357,"date":"2013-12-12T10:38:49","date_gmt":"2013-12-12T08:38:49","guid":{"rendered":"http:\/\/www.r5.glm.de\/?post_type=product&#038;p=357"},"modified":"2019-11-05T15:44:35","modified_gmt":"2019-11-05T13:44:35","slug":"quadro-nuevo-der-koenig-hat-gelacht","status":"publish","type":"product","link":"https:\/\/www.glm.de\/en\/product\/quadro-nuevo-der-koenig-hat-gelacht\/","title":{"rendered":"Quadro Nuevo &#8211; Der K\u00f6nig hat gelacht"},"content":{"rendered":"<p>ein M\u00e4rchen von<br \/>\n<strong>Julie Fellmann<\/strong><\/p>\n<p>gelesen von<br \/>\n<strong>Udo Wachtveitl <\/strong><\/p>\n<p>mit Musik von<\/p>\n<p><strong>Mulo Francel<\/strong> Saxophone, Klarinetten, Gitarre, Sansula<br \/>\n<strong>Andreas Hinterseher<\/strong> Akkordeon, Vibrandoneon<br \/>\n<strong>D.D. Lowka<\/strong>\u00a0Kontrabass, Trommeln<br \/>\n<strong>Evelyn Huber<\/strong> Harfe<br \/>\n<strong>Nicole Heartseeker<\/strong> Spinett<br \/>\n<strong>Ralph St\u00f6vesandt<\/strong> Singende S\u00e4ge<\/p>\n<p>&nbsp;<\/p>\n<p>Die poetische Geschichte des K\u00f6nigs, der eigentlich gar kein K\u00f6nig sein will. Denn er ist ein Tr\u00e4umer und Phantast, der lieber mit den Schw\u00e4nen davon fliegen w\u00fcrde, als hinter dicken Schlossmauern zu sitzen.<\/p>\n<p>Lange versucht der K\u00f6nig, seine Aufgabe als Regent zu erf\u00fcllen und es den drei skurrilen Ministern recht zu machen. Aber gl\u00fccklich werden kann er erst, als er auf sein Herz h\u00f6rt. Eine wunderliche Melodie f\u00fchrt ihn zur kleinen Seejungfrau. \u00a0Durch sie erf\u00e4hrt er zum ersten Mal wahre Freundschaft und muss lernen, dass sich an jemanden zu binden auch bedeutet, Abschied<i> <\/i>nehmen zu k\u00f6nnen\u2026<\/p>\n<p><b>Eine vielschichtige Geschichte mit unverkennbaren Anspielungen auf den M\u00e4rchenk\u00f6nig Ludwig II.<\/b><\/p>\n<p align=\"center\"><b>F\u00fcr Kinder unterhaltsam und witzig, <\/b><\/p>\n<p align=\"center\"><b>f\u00fcr Erwachsene klug erz\u00e4hlt und manchmal nachdenklich stimmend, <\/b><\/p>\n<p align=\"center\"><b>f\u00fcr alle ber\u00fchrend!<\/b><\/p>\n<p>&nbsp;<\/p>\n<p>Die Musiker von <b>Quadro Nuevo<\/b> wuchsen alle in der Gegend um den Chiemsee auf. Seit ihrer fr\u00fchesten Kindheit barg das K\u00f6nigschloss auf der Herreninsel viele Geheimnisse, ebenso wie die Lebensgeschichte seines Erbauers Ludwig II.<\/p>\n<p>Neben mehreren erfolgreichen Musikalben ver\u00f6ffentlichten sie zusammen mit den renommierten Schauspielern Ulrike Kriener und Ulrich Tukur die <b>Italienische Reise<\/b> von Johann Wolfgang von Goethe als H\u00f6rbuch.<\/p>\n<p>Auch in <b>Der K\u00f6nig hat gelacht<\/b> ist das gesprochene Wort gleichberechtigt mit der Musik von Quadro Nuevo. Diese Musik ist bunt, m\u00e4rchenhaft, handgemacht, beseelt und verdichtet so das sinnliche Erlebnis der Erz\u00e4hlung. Die Originalger\u00e4usche stammen aus den W\u00e4ldern und Seen im Land des K\u00f6nigs.<\/p>\n<p><b>Julie Fellmann<\/b> studierte Germanistik und Geschichte in M\u00fcnchen. Sie arbeitet als Dramaturgin, Autorin und Produzentin f\u00fcr verschiedene Fernsehprojekte, vor allem im Bereich Krimi. \u201eDer K\u00f6nig hat gelacht\u201c ist ihr erstes M\u00e4rchen. Die Idee dazu kam ihr bei einem Bootsausflug mit ihrer Familie auf dem Starnberger See. Die Kinder baten: \u201eErz\u00e4hl uns eine Geschichte von der Seejungfrau\u201c. Da sie in diesem Moment am Denkmal des M\u00e4rchenk\u00f6nigs Ludwig II vorbeischipperten, das die Stelle markiert, an der er einst ertrank, lag die Assoziation nahe: Das war die Geburtsstunde der Geschichte des jungen, einsamen K\u00f6nigs auf der Suche nach Liebe und Freundschaft.<\/p>\n<p><b>Udo Wachtveitl<i> <\/i><\/b>arbeitet als Schauspieler, Regisseur und Drehbuchautor. Zudem ist er k\u00fcnstlerischer Sprecher f\u00fcr Dokumentationen und H\u00f6rb\u00fccher. Bereits in den 1960er Jahren begann seine Sprecherkarriere, unter anderem im Zusammenhang des bekannten Kinderh\u00f6rspiels \u201ePumuckl\u201c. Bekannt ist er vor allem als Hauptkommissar Franz Leitmayr in der ARD-Krimireihe \u201eTatort\u201c.<\/p>\n","protected":false},"excerpt":{"rendered":"<p><a class=\"button smart_link_button\" href=\"https:\/\/smarturl.it\/derkoenighatgelacht\" target=\"_blank\" rel=\"noopener\">Choose your store!<\/a><\/p>\n","protected":false},"featured_media":400,"comment_status":"open","ping_status":"closed","template":"","meta":[],"product_brand":[],"product_cat":[604,288,638,622],"product_tag":[628,629,632,639,626,69,132,131,623,79,76],"class_list":{"0":"post-357","1":"product","2":"type-product","3":"status-publish","4":"has-post-thumbnail","6":"product_cat-fine-music","7":"product_cat-hoerbuecher","8":"product_cat-julie-fellmann","9":"product_cat-quadro-nuevo","10":"product_tag-andreas-hinterseher","11":"product_tag-didi-lowka","12":"product_tag-evelyn-huber","13":"product_tag-julie-fellmann","14":"product_tag-mulo-francel","15":"product_tag-nicole-heartseeker","16":"product_tag-nuevo","17":"product_tag-quadro","18":"product_tag-quadro-nuevo","19":"product_tag-ralph-stoevesandt","20":"product_tag-udo-wachtveitl","22":"first","23":"instock","24":"taxable","25":"shipping-taxable","26":"product-type-external"},"_links":{"self":[{"href":"https:\/\/www.glm.de\/en\/wp-json\/wp\/v2\/product\/357"}],"collection":[{"href":"https:\/\/www.glm.de\/en\/wp-json\/wp\/v2\/product"}],"about":[{"href":"https:\/\/www.glm.de\/en\/wp-json\/wp\/v2\/types\/product"}],"replies":[{"embeddable":true,"href":"https:\/\/www.glm.de\/en\/wp-json\/wp\/v2\/comments?post=357"}],"wp:featuredmedia":[{"embeddable":true,"href":"https:\/\/www.glm.de\/en\/wp-json\/wp\/v2\/media\/400"}],"wp:attachment":[{"href":"https:\/\/www.glm.de\/en\/wp-json\/wp\/v2\/media?parent=357"}],"wp:term":[{"taxonomy":"product_brand","embeddable":true,"href":"https:\/\/www.glm.de\/en\/wp-json\/wp\/v2\/product_brand?post=357"},{"taxonomy":"product_cat","embeddable":true,"href":"https:\/\/www.glm.de\/en\/wp-json\/wp\/v2\/product_cat?post=357"},{"taxonomy":"product_tag","embeddable":true,"href":"https:\/\/www.glm.de\/en\/wp-json\/wp\/v2\/product_tag?post=357"}],"curies":[{"name":"wp","href":"https:\/\/api.w.org\/{rel}","templated":true}]}}

Quadro Nuevo &#8211; Der König hat gelacht

<p>ein Märchen von<br />
<strong>Julie Fellmann</strong></p>
<p>gelesen von<br />
<strong>Udo Wachtveitl </strong></p>
<p>mit Musik von</p>
<p><strong>Mulo Francel</strong> Saxophone, Klarinetten, Gitarre, Sansula<br />
<strong>Andreas Hinterseher</strong> Akkordeon, Vibrandoneon<br />
<strong>D.D. Lowka</strong> Kontrabass, Trommeln<br />
<strong>Evelyn Huber</strong> Harfe<br />
<strong>Nicole Heartseeker</strong> Spinett<br />
<strong>Ralph Stövesandt</strong> Singende Säge</p>
<p>&nbsp;</p>
<p>Die poetische Geschichte des Königs, der eigentlich gar kein König sein will. Denn er ist ein Träumer und Phantast, der lieber mit den Schwänen davon fliegen würde, als hinter dicken Schlossmauern zu sitzen.</p>
<p>Lange versucht der König, seine Aufgabe als Regent zu erfüllen und es den drei skurrilen Ministern recht zu machen. Aber glücklich werden kann er erst, als er auf sein Herz hört. Eine wunderliche Melodie führt ihn zur kleinen Seejungfrau.  Durch sie erfährt er zum ersten Mal wahre Freundschaft und muss lernen, dass sich an jemanden zu binden auch bedeutet, Abschied<i> </i>nehmen zu können…</p>
<p><b>Eine vielschichtige Geschichte mit unverkennbaren Anspielungen auf den Märchenkönig Ludwig II.</b></p>
<p align="center"><b>Für Kinder unterhaltsam und witzig, </b></p>
<p align="center"><b>für Erwachsene klug erzählt und manchmal nachdenklich stimmend, </b></p>
<p align="center"><b>für alle berührend!</b></p>
<p>&nbsp;</p>
<p>Die Musiker von <b>Quadro Nuevo</b> wuchsen alle in der Gegend um den Chiemsee auf. Seit ihrer frühesten Kindheit barg das Königschloss auf der Herreninsel viele Geheimnisse, ebenso wie die Lebensgeschichte seines Erbauers Ludwig II.</p>
<p>Neben mehreren erfolgreichen Musikalben veröffentlichten sie zusammen mit den renommierten Schauspielern Ulrike Kriener und Ulrich Tukur die <b>Italienische Reise</b> von Johann Wolfgang von Goethe als Hörbuch.</p>
<p>Auch in <b>Der König hat gelacht</b> ist das gesprochene Wort gleichberechtigt mit der Musik von Quadro Nuevo. Diese Musik ist bunt, märchenhaft, handgemacht, beseelt und verdichtet so das sinnliche Erlebnis der Erzählung. Die Originalgeräusche stammen aus den Wäldern und Seen im Land des Königs.</p>
<p><b>Julie Fellmann</b> studierte Germanistik und Geschichte in München. Sie arbeitet als Dramaturgin, Autorin und Produzentin für verschiedene Fernsehprojekte, vor allem im Bereich Krimi. „Der König hat gelacht“ ist ihr erstes Märchen. Die Idee dazu kam ihr bei einem Bootsausflug mit ihrer Familie auf dem Starnberger See. Die Kinder baten: „Erzähl uns eine Geschichte von der Seejungfrau“. Da sie in diesem Moment am Denkmal des Märchenkönigs Ludwig II vorbeischipperten, das die Stelle markiert, an der er einst ertrank, lag die Assoziation nahe: Das war die Geburtsstunde der Geschichte des jungen, einsamen Königs auf der Suche nach Liebe und Freundschaft.</p>
<p><b>Udo Wachtveitl<i> </i></b>arbeitet als Schauspieler, Regisseur und Drehbuchautor. Zudem ist er künstlerischer Sprecher für Dokumentationen und Hörbücher. Bereits in den 1960er Jahren begann seine Sprecherkarriere, unter anderem im Zusammenhang des bekannten Kinderhörspiels „Pumuckl“. Bekannt ist er vor allem als Hauptkommissar Franz Leitmayr in der ARD-Krimireihe „Tatort“.</p>
